 = 88 - 81. What is the highest common factor of p and c?
7
Let z be (-1)/(-4 + 51/13). Calculate the greatest common divisor of z and 39.
13
Suppose -2*n + 150 = -4*t - 96, 4*n - 4*t - 480 = 0. Calculate the highest common divisor of 13 and n.
13
Let j be 2 + 0 + (16 - 2). Suppose -127 = -2*a + 161. Calculate the highest common factor of j and a.
16
Suppose 4*t + 48 = 8*t. What is the greatest common divisor of 48 and t?
12
Let o(x) = -x + 13 - 6 + x**2 - x**3 + 5*x**2. Let u be o(6). Calculate the highest common factor of u and 9.
1
Let h = -1 + 25. Let r be (h/20)/(2/10). What is the highest common factor of r and 66?
6
Let k(s) = -s. Let t be k(-11). Calculate the greatest common factor of t and 11.
11
Suppose 2 = 2*i + 4. Suppose 2*v = -2*v - 4*n - 12, 4*v + 3*n + 11 = 0. Let t be i*(2 - (5 - v)). Calculate the greatest common divisor of t and 10.
5
Let n be 10/(-4)*8/(-10). Suppose -3 = -4*r - 2*w - w, -n = r - 2*w. Suppose 2*y + r*y = 28. Calculate the highest common divisor of y and 42.
14
Let a be ((-3)/2)/((-9)/48). Suppose n = 5*k + 12, 5*k + 14 = 5*n - 6. Let r be (-13)/n*-2 - -3. Calculate the highest common factor of a and r.
8
Suppose 5*d - d = 24. Suppose -a - 8 - 20 = 0. Let p be a/(-5) + 6/15. What is the greatest common factor of d and p?
6
Let t = 36 - 18. Let k be -2 - (-3 + -1 - 196). Calculate the greatest common divisor of k and t.
18
Let x be (2/4)/(3/96). Calculate the highest common divisor of 176 and x.
16
Let w = -2 + 17. What is the highest common divisor of 165 and w?
15
Let j(o) = -10*o + 7. Let k be j(-3). What is the highest common factor of k and 37?
37
Suppose s + 0*s = p - 10, 15 = 2*p - s. Suppose 166 = p*g - 134. Suppose 2*c + f = -3*f + 50, -4*c = 3*f - 75. Calculate the greatest common factor of c and g.
15
Suppose -4*p = u - 0*u - 8, -2*p + 64 = 3*u. What is the highest common factor of 16 and u?
8
Let s(a) = a**3 - a**2 - a + 4. Let p be s(0). Suppose -2*f = 5*t - p - 32, -5*f + 14 = 3*t. What is the greatest common divisor of t and 2?
2
Let w be (-8 - -11)*170/6. Let g(x) = -6*x**3 - x - 2. Let h be g(-2). Let j be 4/6*(3 + h). What is the highest common divisor of j and w?
17
Let o(a) = a**2 - a + 1. Let j(g) = 2*g**3 + 2*g**2 + 6*g - 2. Let c(r) = -j(r) - 3*o(r). Let p be c(-3). What is the greatest common factor of 17 and p?
17
Let x = 110 - 74. Calculate the highest common factor of x and 4.
4
Let b = -5 + 10. Suppose 63 = -b*m + 363. Suppose 0*p + p = 24. What is the highest common factor of p and m?
12
Let d(r) = 2*r**3 - 3*r**2 + r. Let a be d(2). Let w(c) = 2*c**2 - 8*c**2 + c + 0 + c**3 - 4. Let x be w(a). Calculate the highest common factor of x and 10.
2
Suppose 192 + 33 = 5*a. What is the highest common factor of 30 and a?
15
Suppose 24 = 2*b + 2*b. Let l be 2/b - 96/(-9). What is the greatest common divisor of l and 11?
11
Let o(c) = 3*c - 7. Let n = -7 - -13. Let z be o(n). Calculate the greatest common factor of 11 and z.
11
Let c be (4 - -6)*1/2. Let l = 1 + 0. Calculate the greatest common factor of l and c.
1
Suppose 4*x - 1944 = -2*x. Suppose -10*p + 14*p - x = 0. Calculate the greatest common factor of p and 27.
27
Let w = 15 - 0. Calculate the greatest common divisor of 75 and w.
15
Suppose 9 = n - 5*s - 4, 0 = n - 3*s - 21. Calculate the greatest common divisor of 22 and n.
11
Let a(k) = 3*k - 4*k - 20*k - 2. Let x be a(-2). Suppose -3 = -4*y + 37. What is the highest common divisor of x and y?
10
Suppose 2*b - j - 8 = -b, -2*b + 4 = -j. What is the greatest common factor of 10 and b?
2
Let h(i) = -5*i + 1. Let r(x) = -x + 5. Let m be r(6). Let y be h(m). What is the greatest common factor of 2 and y?
2
Suppose 11*t - 147 = 8*t. What is the highest common divisor of t and 196?
49
Suppose 2*v + 19 = 5*w, 0 = -3*w + 6*w + 5*v - 30. Suppose w*c = 29 + 56. Calculate the greatest common factor of 68 and c.
17
Let m(a) = a**2 - 5*a + 4. Let j be m(5). Suppose -4*k + 30 + 18 = -4*i, -j*k - 2*i = -42. What is the highest common factor of k and 11?
11
Suppose 5 + 25 = 3*l. What is the greatest common divisor of l and 4?
2
Let g(y) = y**3 + 7*y**2 - 4*y - 14. Let l be g(-7). Calculate the highest common divisor of 14 and l.
14
Suppose 0 = 5*d - 4*m - 70, 5*m + 20 = d + 6. What is the greatest common factor of 35 and d?
7
Let y = 184 + -74. What is the highest common divisor of 10 and y?
10
Suppose 0 = -4*w + 4 + 8. Calculate the highest common factor of 24 and w.
3
Suppose -2*p + 4 = 4*g, 43 = 5*p - p + g. What is the highest common factor of 4 and p?
4
Suppose -4*k = -2*i + 96 - 38, -5*i + k + 118 = 0. What is the greatest common factor of i and 46?
23
Let w = -28 + 67. Let p = w + -9. What is the highest common factor of p and 10?
10
Let s be (-3 - 14/(-4))*150. What is the highest common factor of s and 15?
15
Let n(w) = 3*w + 62. Let r be n(-20). Calculate the highest common divisor of r and 16.
2
Suppose -4*x = -5*x + 14. Suppose 5*w - 4*w - 70 = 0. Calculate the greatest common factor of w and x.
14
Suppose o - 3 = -1. Suppose -o*v + 11 + 17 = 0. Calculate the highest common factor of 126 and v.
14
Suppose 5*c - 7*l + 2*l = 445, 4*c - 2*l - 358 = 0. Suppose 0 = 5*w - 5*i - 35, w + 41 = 6*w - 3*i. What is the highest common divisor of w and c?
10
Let q = 21 - 13. Let a = q + 22. Let v = a + -20. Calculate the highest common divisor of v and 5.
5
Suppose j + j = 5*z + 21, 3*z = -j + 16. Let m(b) = b**3 + 11*b**2 - 3*b + 13. Let l be m(-10). What is the highest common divisor of j and l?
13
Suppose 2*y + 67 = -45. Let l = 86 + y. Calculate the highest common factor of 6 and l.
6
Suppose -9*d - 25 = -10*d. Calculate the greatest common factor of d and 25.
25
Let v be -3 + 8 - (-1 + 2). Suppose -v*p = -6*p. Let l be 3 - 22/(p - 2). What is the highest common factor of l and 35?
7
Suppose -10 + 4 = -y. Suppose -l + 3 = -y. Calculate the greatest common divisor of 3 and l.
3
Suppose -2*n = -3*z - 10, -n + 9 = -4*z - 1. Suppose -5*y + 489 = -2*o, 0 = 4*y - n*y + 2*o - 204. What is the highest common factor of y and 9?
9
Let d = -32 - -48. What is the greatest common divisor of 4 and d?
4
Suppose -7 = -2*l + 7. Suppose -4*d - 8 = 3*o, -4*d = 4*o - l*d - 6. Let a be 5 - 4 - (-153 + o). What is the highest common divisor of 14 and a?
14
Let b be 2*(-2)/(-12)*12. Suppose -3*u = 5*a - 76 - 24, b*a - 80 = -2*u. What is the highest common divisor of a and 20?
20
Let z(v) = 0 - v + 4*v**2 - 1 - 1 - v. Let q be z(-3). Calculate the greatest common divisor of 16 and q.
8
Suppose 3*d = -2*d + 80. Suppose -4*u + d = -3*u. What is the greatest common divisor of 4 and u?
4
Suppose -4*m + 30 = -3*z - 7*m, 3*z - 4*m + 30 = 0. Let b be 75/(-5)*8/z. Calculate the greatest common factor of b and 36.
12
Let c = 66 + 24. What is the greatest common divisor of 60 and c?
30
Suppose 4*d + 20 = 64. What is the highest common divisor of 88 and d?
11
Let m(r) = -r**3 - 2*r**2 + 2*r - 1. Let h be m(-3). Suppose -42 = -q + h*q. Let y be (8/(-24))/(2/q). Calculate the highest common divisor of y and 63.
7
Let x(p) = 6*p**2 - 2*p - 8. Let c be x(6). Suppose -5*g = 4*b - c, -165 = -3*g - b - 46. Calculate the highest common factor of g and 5.
5
Let z(h) = -h**2 + h + 15. Let m be z(0). Suppose 0*n = n - m. Let s be ((-30)/7)/(2/(-14)). Calculate the greatest common divisor of s and n.
15
Let k be (-174)/(-203)*(-56)/(-6). What is the highest common divisor of k and 80?
8
Suppose -o - 9 = -5*f, -o = -3*f - f + 8. Calculate the greatest common factor of f and 4.
1
Let s = -3 - -27. Calculate the highest common factor of 3 and s.
3
Let j be -1 - ((-28)/4 + 4). Suppose 2*p = 3*k - 36, k + 3*p - 20 = p. Calculate the highest common divisor of k and j.
2
Suppose 0*a + 5*w + 28 = a, 2*a + 5*w + 4 = 0. Suppose 4*r - 48 = a. Calculate the highest common divisor of r and 56.
14
Suppose -5*z + 3*y + 56 = 0, z + 2*y - 2 = -2*y. Suppose 0 = -0*m + m. Let p be 111/(1 + m) + -1. What is the greatest common factor of z and p?
10
Let i(d) be the second derivative of -d**4/12 + d**3 - 2*d**2 - d. Let b be i(4). Let q be b/10 + (-3)/(-5). What is the highest common divisor of q and 2?
1
Suppose 895 = -4*f - 0*v + 3*v, -890 = 4*f - 2*v. Let n be f/(-3)*(-12)/(-8). Let z = -27 + 38. Calculate the greatest common factor of n and z.
11
Sup